pose v*q = t - 14, w*t - 87 = -2*q + 7. What are the prime factors of t?
2, 3
Let y(v) = -v**2 + 8*v - 15. Let n be y(3). Suppose 4*r + 2*r - 1272 = n. List the prime factors of r.
2, 53
Let r be (-3 - 0)*(-1)/(-3). Let z be 51/12 - r/(-4). List the prime factors of (17 - z) + 1/1.
2, 7
Let a be (-330)/(-25) + 2/(-10). Let j = a - -43. Suppose 0 = -2*p - 5*x + j, -37 = -2*p - 2*x + 19. List the prime factors of p.
2, 7
Suppose 1614*h + 15120 = 1622*h. What are the prime factors of h?
2, 3, 5, 7
Let q(f) = -7*f**2 + f + f**2 + 5*f**2 + 4. Let v be q(0). Suppose -v*x + 127 = x - d, 3*x - d = 77. List the prime factors of x.
5
Let j(b) = -b**3 - 4*b**2 - b - 3. Let u be j(-4). Suppose -i + u + 1 = 0. List the prime factors of (-2 - 4)/i - -16.
13
Suppose -2*z + 2*y = -380, 2*z - 3*y - 179 = 196. Suppose 3*c = -0*c + z. List the prime factors of 1*c/(4 + 1).
13
Let c(s) = -273*s - 116. List the prime factors of c(-4).
2, 61
Suppose -3*t + 4*b = -0*t - 20, 2*t = -4*b. Suppose 5*h - 2*a + 3*a = 571, 0 = -2*h + t*a + 246. List the prime factors of h.
5, 23
Let c(f) = 3*f + 49. Let v be c(-15). Suppose -v*l - 34 = -566. What are the prime factors of l?
7, 19
Let j(u) = -11*u**2 - 5 + 10*u - 2 - 12 + u**3 - 7. List the prime factors of j(12).
2, 7, 17
Let r(f) = 26*f - 5*f + 2 - 7 + 3*f**2. What are the prime factors of r(-10)?
5, 17
Suppose 4*n - s - 18 = s, -5*n + s = -21. Suppose 0 = -5*h + 4*f - 95 + 514, n*h - 344 = f. List the prime factors of h.
3, 29
Suppose 3*c + 5*u - 620 = 0, -422 = c - 3*c + u. Suppose -5*f = -10*f + c. What are the prime factors of f?
2, 3, 7
Suppose -5*c + 4596 - 786 = 0. List the prime factors of c.
2, 3, 127
Let t(s) = -20*s**2 - 1. Let p be t(-1). Let d = 15 + p. Let m(j) = j**3 + 5*j**2 - 7*j. What are the prime factors of m(d)?
2, 3
Suppose 3*u = 3*l + 510 + 63, 0 = -3*u + l + 569. Let t = -67 + u. What are the prime factors of t?
2, 61
Suppose -t = -4 - 8. Suppose -w + 5 = -t. Let j = w - 5. List the prime factors of j.
2, 3
Let g(b) = b**3 - 5*b**2 + 5*b - 1. Let u = -1 - -8. What are the prime factors of g(u)?
2, 3, 11
Let g(o) = 38*o - 25. What are the prime factors of g(10)?
5, 71
Let d(b) = 161*b - 1206. What are the prime factors of d(14)?
2, 131
Let u = 312 + -210. Let p = u - 45. List the prime factors of p.
3, 19
Let a(c) = 3*c + 22. Let f(d) = 1. Let q(z) = 2. Let j(b) = -5*f(b) + 3*q(b). Let k(w) = a(w) + 2*j(w). List the prime factors of k(10).
2, 3
Let i be (4/6)/(2/657). Suppose 0 = -5*u - 2*n + i, 10 = 2*n + 3*n. List the prime factors of u.
43
Let i(w) = -2*w**3 - 47*w**2 - 56*w - 54. List the prime factors of i(-25).
3221
Suppose -5*q + 216 = 56. Suppose -q - 73 = -5*v. Let c = v + -2. List the prime factors of c.
19
Suppose 104 = -4*q + 4*u, -2*q + 4*u - 134 = 3*q. Let k be 8/(-2) - q/10. List the prime factors of ((-1)/k)/((-1)/(-16)).
2
Let l = 46 - 46. Suppose l = -7*h + 2*h + 420. What are the prime factors of h?
2, 3, 7
Let v(y) = -15*y - 8. Suppose -5*o - 3 = 22. List the prime factors of v(o).
67
Let f be -3 + (-1)/2*-18. Suppose 7*b = 5*b + f. What are the prime factors of 23 + 2 - (b + -4)?
2, 13
Let p = -10 - -12. Suppose 0*r - 132 = -p*r - 2*f, 4*r - 2*f = 252. Suppose r = w + w. List the prime factors of w.
2
Suppose 0 = -5*t + 2*s - 69, 0 = -3*s + 8 - 2. Suppose 110 = -4*n - 26. Let f = t - n. List the prime factors of f.
3, 7
Let m(a) = a - 29. Let g be m(0). Let d = g - -141. Suppose v + 7*q - 2*q - 14 = 0, 5*v - d = -4*q. List the prime factors of v.
2, 3
Suppose -15*d = -18*d - 4*z + 14604, -d + 4868 = 4*z. List the prime factors of d.
2, 1217
List the prime factors of (-486)/(-405)*(-11610)/(-4).
3, 43
What are the prime factors of (-1652)/7*129/(-12)?
43, 59
Suppose -10*l - 165 = -5*l. Let f = l - -42. What are the prime factors of f?
3
Suppose 4*n = 2*b - 36, 2*n - 7*n - 10 = 0. List the prime factors of b.
2, 7
Let o be ((-14)/28)/((-1)/(6*1)). Suppose 2*r = -4*d + 64, 3*d - 3*r - 102 = -2*d. Suppose -o*h - d = -4*h. What are the prime factors of h?
2, 3
Suppose 4 = l - i, 0 = -0*i + 4*i + 4. Suppose -m + 3*m = l*a + 280, 0 = -m + 2*a + 139. What are the prime factors of m?
11, 13
Let r(q) = q**2 + 9*q + 10. Let w be r(-8). Let x = -27 - 25. List the prime factors of (w - x/2) + -1.
3
Let f = 314 + -107. Suppose 2*r + 223 = a, -3*a = r + f - 841. List the prime factors of a.
3, 71
Let j = 2 + -2. Suppose 5*r - 7*r - 6 = j. What are the prime factors of r/5 - 438/(-30)?
2, 7
Let i(u) = u + 7. Let k be i(-3). Suppose 4*l + 4*c - 2*c = 236, k*c + 321 = 5*l. What are the prime factors of l?
61
Let a(j) = -j**2 - 14*j + 21. Let z be a(-15). Suppose -z*q - 211 + 1387 = 0. List the prime factors of q.
2, 7
Suppose 0 = n + 3*j + 2*j - 31, 4*n = -5*j + 64. Suppose 4*q + 4 = 2*q - r, 2*r = -8. Suppose x + q = n. What are the prime factors of x?
11
Let t(q) = -9*q**3 - 3*q**2 - 4*q - 1. Let c be t(-2). Suppose 64*d - c*d + 390 = 0. What are the prime factors of d?
2, 5, 13
Let g(b) be the second derivative of -11/2*b**2 - 4/3*b**3 + 0 - 4*b. What are the prime factors of g(-5)?
29
Let q(y) = 37*y - 60. Let x(u) = 1. Let t(l) = q(l) + 3*x(l). What are the prime factors of t(8)?
239
Suppose 0 = -4*v + 28 + 12. What are the prime factors of (-6)/4 - (-1715)/v?
2, 5, 17
Let k(q) = -5*q**2 + 8*q**2 + 9*q**2 + 16*q + 0*q**2 - 4. List the prime factors of k(-4).
2, 31
Suppose 0 = -3*h - 2*h - 1620. Let m = h + 164. List the prime factors of (-12)/10*m/6.
2
Suppose -5*z = a - 34, a = 4*z - 3*a - 8. Suppose 0 = -r - s + z, -r = 3*r - 3*s - 3. Suppose 0 = 3*c - 24 + r. List the prime factors of c.
7
Let y(g) = 23*g**2 - 14*g + 341. List the prime factors of y(12).
5, 17, 41
Let w(b) = -b**2 - 8*b - 9. Let j be w(-6). Suppose -j*f - 9 = 5*n, 2*f + 15 = n - 3*f. Suppose p - 16 = -n*p. What are the prime factors of p?
2
Suppose 5*f - 80*d = -78*d + 6309, 3*f - 3*d = 3789. List the prime factors of f.
13, 97
Let n(z) = z**2 + 5*z + 8. Let j be n(-4). Let q(k) = 4*k + 2 - 3 + 3. What are the prime factors of q(j)?
2, 3
Let x(c) be the second derivative of -c**4/12 + 17*c**3/6 - 5*c. List the prime factors of x(11).
2, 3, 11
Suppose 4*k - 97 = 187. Suppose 0 = 4*g - 5*z + k - 242, 5*z - 5 = 0. List the prime factors of g.
2, 11
Let c be (-8)/12*(-3 + -432). What are the prime factors of ((-1)/(7 - 5))/((-1)/c)?
5, 29
What are the prime factors of (7992/(-20))/((-68)/20 - -3)?
3, 37
Let d = -6 + 23. Suppose -d*i - 26 = -19*i. What are the prime factors of i?
13
Suppose 0*w + 9*w + 171 = 0. Let v be 1/2*2 + 11. Let a = v - w. List the prime factors of a.
31
Let h(o) = -o**3 + 3*o**2 + 2*o - 3. Let g be h(3). Let s = -51 - -96. Suppose 3*v + s = 2*t, -g*t - 7*v = -2*v - 77. List the prime factors of t.
2, 3
Let n = -31 + 37. Let d be (6/(-3) - -5) + -43. What are the prime factors of 9*(d/n)/(-2)?
2, 3, 5
Suppose -m - 5 = s - 4, -4*m - 24 = -s. Suppose 0 = -2*l + s*l - 4. What are the prime factors of l?
2
Let z be ((-2)/((-2)/5))/(17 + -16). What are the prime factors of (-3976)/(-35) - 3/z?
113
Let b be (-6)/((0 - 0) + -1). Suppose 2*o - 9*o = -595. Suppose b*d = 5 + o. What are the prime factors of d?
3, 5
Let g be -1*5/((-10)/22). Let c(a) = -a**3 + 10*a**2 + 16*a - 9. What are the prime factors of c(g)?
2, 23
Suppose -26928 = -16*y + 4736. What are the prime factors of y?
1979
Suppose -3 = -2*u + 25. Let w be (132/(-7))/(u/(-98)). Suppose -4*s - 32 = -w. What are the prime factors of s?
5
Suppose 21*z = 15*z - 48. Let f = -50 + 33. Let o = z - f. What are the prime factors of o?
3
Suppose -14 = -5*m - y, -5*y + 2 = -5*m - 8. What are the prime factors of ((-34)/(-4) + 0)*m*5?
5, 17
List the prime factors of (61/(-2))/(29/(-406)).
7, 61
Let a(z) = -z**3 + 19*z**2 + 21*z + 28. Let x be a(20). Let v = 16 + x. List the prime factors of v.
2
Suppose 18 = -5*x + 28. Suppose 0 = -4*b - 4, 26 + 36 = 3*c - x*b. List the prime factors of c.
2, 5
Let m = 64 + 199. Suppose 5*x = -m + 38. Let j = -22 - x. List the prime factors of j.
23
Suppose 3*c = 3*t + 6*c + 6, 4*c = t - 8. Suppose t = -4*b - 29 - 7. Let i = b + 14. What are the prime factors of i?
5
Suppose f = -z + 195, -5*z + 4*z + 185 = -f. List the prime factors of z.
2, 5, 19
Suppose 3*b - 3032 = 1417. List the prime factors of b.
1483
Let f = 153 - 